 -3272 + 3376. Let x(q) = -14*q**3 - 1. Let v be x(-1). Calculate the greatest common divisor of v and m.
13
Suppose -55*o + 3096 + 1116 = -628. Suppose 3*w + 2*w - 110 = 0. What is the greatest common divisor of o and w?
22
Suppose 0*j - 95 = -j. Let x be -114*(-7 - 40/(-6)). Calculate the highest common divisor of x and j.
19
Let m(p) = p + 41. Let h be m(-19). Suppose 1400 = -8*l + h*l. Calculate the highest common factor of l and 40.
20
Suppose -s = 5*z + 20, s - 3*s = -2*z - 8. Suppose 5*b = -s*b. Let j(y) = -y**2 + 2. Let a be j(b). What is the greatest common divisor of 8 and a?
2
Let j be 5 + -4 + 86/(-4)*-10. Calculate the highest common divisor of j and 288.
72
Suppose -15 = -5*d + 5*i, 5*d = -0*d - 4*i + 33. Suppose 2*r = 0, d*u - 360 = -0*u + 2*r. What is the highest common factor of u and 36?
36
Let k be 2/(-5 - 344/(-68)). Suppose -2*i = 5*b - 138, i - 3*i + k = b. What is the greatest common divisor of 65 and b?
13
Let r be (-14 + -12)*(-2)/4. Calculate the greatest common factor of r and 52.
13
Let s(b) = -b - 3. Let q be s(-9). Let p = -10 + 5. Let z be (-60)/p - q/3. Calculate the greatest common factor of 20 and z.
10
Let m be 975/(-12)*(-2 + -2). What is the greatest common divisor of 130 and m?
65
Let c = 503 - 495. Calculate the highest common factor of 284 and c.
4
Let b(g) = 53*g + 2. Let x be b(5). What is the greatest common divisor of x and 623?
89
Let q be (-4)/6 + 148/6. Let k be 8 + 2 + -5 - -1. Suppose -126 = -k*m - q. What is the highest common divisor of m and 17?
17
Suppose 4*k - 567 = 4*i + 1497, -i - 2055 = -4*k. Let f = 887 - k. What is the greatest common factor of f and 34?
34
Let j = 4 - 0. Suppose -5*z - 2*f = 28 + 9, -5*f + 2 = -z. Let u = 27 + z. Calculate the highest common factor of u and j.
4
Let j = 132 - 74. Suppose 62*g = j*g + 36. What is the greatest common divisor of g and 9?
9
Let j(n) = 3*n - 13. Let k be j(6). Suppose i = -5*q + 5, 3*i + 4*q + 0*q = 15. Suppose k*w + 0*w = i. Calculate the highest common factor of w and 3.
1
Suppose w - 2 - 14 = 0. Let l = w - 14. Let g = 21 - l. Calculate the highest common divisor of g and 19.
19
Let k = -33 + 11. Let z = 32 + k. Calculate the highest common divisor of z and 4.
2
Let o = 699 + -587. What is the greatest common divisor of o and 136?
8
Let u = 70 + -35. Let n(g) = g**3 + 2*g + 5. Let v be n(0). Calculate the greatest common divisor of v and u.
5
Let d = -11 - -7. Let g = -289 + 474. Let q = g - d. Calculate the greatest common factor of q and 27.
27
Suppose 9 + 15 = -4*f. Let k(z) = z**2 + 7*z + 9. Let v be k(f). Suppose -v*j - 5 = -8*j. Calculate the highest common factor of j and 8.
1
Let h be 119 + 2/(-6)*0. What is the highest common divisor of 34 and h?
17
Suppose 15*p - 10*p - 5*o = 205, -4*o - 38 = -p. Calculate the highest common divisor of 28 and p.
14
Suppose 0 = 4*l - 0*l - 8. Let j(x) = x**3 - 16*x**2 - x + 16. Let s be j(16). Suppose s = q - 13 + 3. What is the greatest common factor of l and q?
2
Let o be -20*(14/(-4) + 2). Let m(s) = s**3 - 4*s**2 + s - 7. Let q be m(6). Let t = q + -51. Calculate the highest common divisor of t and o.
10
Suppose -280 = -18*r + 16*r. Suppose -3*q + r = 7*q. Let m(c) = -23*c + 1. Let n be m(-3). What is the highest common factor of n and q?
14
Let j(t) = 3*t**2 + t + 3. Let r be j(-3). Suppose 14*w - 10*w = 420. Suppose 2*b = w + r. Calculate the highest common factor of 6 and b.
6
Suppose 0*w + 92 = 2*w. Suppose -10*a = -5*a - 115. What is the greatest common factor of w and a?
23
Let c(r) = r**2 - r - 3. Let s(n) = 2*n. Let m be s(2). Let i be c(m). Suppose -p + 129 = i. What is the greatest common factor of p and 15?
15
Suppose 5*j + 2395 = 5*t, 17*t - j - 953 = 15*t. Calculate the greatest common factor of t and 12.
6
Let u = 32 + -26. Let n be (88/u)/(6 - 32/6). Let l = 12 + -10. What is the greatest common factor of l and n?
2
Let n(h) = 14*h**2 + 12*h - 18. Let o be n(3). What is the greatest common divisor of 192 and o?
48
Let r be 159 + -2 + -6 + -1. What is the greatest common divisor of 6 and r?
6
Let h be 21 + 0 - (15 - (-189)/(-21)). Suppose 105 = 5*o + 380. Let r = -25 - o. What is the highest common factor of h and r?
15
Suppose -284 - 156 = -4*r. What is the highest common factor of r and 44?
22
Suppose 4*v = 2 + 2. Suppose 0 = -u + 2 + v. Suppose -u*s + 231 = 3*h, -5*h = -2*s + 6*s - 388. What is the greatest common factor of 8 and h?
8
Suppose 155 = -7*l + 38*l. What is the greatest common divisor of l and 9?
1
Let x(k) = -k**3 + 6*k**2 - 5*k. Let c(f) = -3*f + 19. Let h be c(5). Let s be x(h). What is the highest common divisor of 24 and s?
12
Let n be (-2 + -1 - -15)/(-1). Let k = 16 + n. Suppose z - k*z = -27. Calculate the highest common factor of z and 54.
9
Suppose -5*y = -2*p + 222, 123 = 4*p + 3*y - 373. Suppose 3*c + 2*c - 55 = 0. What is the greatest common factor of c and p?
11
Let t = -542 + 913. What is the highest common divisor of 7 and t?
7
Let s = 97 + -68. Let u = 74 - s. Let t be 1/(-4) - 37/(-4). Calculate the highest common divisor of u and t.
9
Let j(m) = 76*m**3 + m**2 + m - 1. Let i be j(1). Suppose -10*t + i = -33. Let g be -11*(0 - (1 - 0)). What is the highest common factor of g and t?
11
Let s be (-3)/(3/678*-6)*-5. Let j = s + 908. What is the highest common factor of j and 49?
49
Suppose -2*f + 5*a - 160 = -7*f, 2*a - 30 = -f. What is the highest common divisor of f and 187?
17
Suppose -3*i - 46 = -4*i. Let a = i - 4. What is the highest common divisor of 6 and a?
6
Let w(z) = z**3 + z**2 - z + 2. Let o(t) = 4*t + 8. Let b be o(-7). Let f = b - -20. Let s be w(f). Calculate the highest common factor of s and 2.
2
Let f = 3124 + -3114. Let w(i) = -i - 5. Let v = 2 - 9. Let l be w(v). Calculate the highest common factor of f and l.
2
Let u(q) = q**2 - 14*q + 11. Suppose 6*j - 84 = -0*j. Let p be u(j). What is the greatest common divisor of p and 11?
11
Suppose -2*b - 27 = 3*c, 4*b - 2*c = c - 45. Let m be b/114 - 384/(-38). What is the highest common factor of m and 50?
10
Suppose 2 = 2*x - 88. Suppose -x = -b + 39. What is the highest common factor of 12 and b?
12
Let w be (30/20)/(1/(-10)). Let b = w - -25. What is the greatest common divisor of b and 40?
10
Suppose -3*u + 2*u = -200. Suppose 19*a - u = 14*a. What is the highest common divisor of a and 50?
10
Suppose 0 = k - 4*c - 14, 2*c - 2 = -2*k - 4. Suppose -k*o - 5*d = -34 - 68, -4*o - d = -186. What is the highest common factor of o and 92?
46
Let z = -153 - 22. Let p be ((-2)/(-5))/((-176)/z + -1). What is the greatest common factor of 10 and p?
10
Let u = -407 - -456. What is the highest common divisor of 833 and u?
49
Let a(s) = -s**2 + 7*s - 4. Let c be a(6). Suppose -28*q = -24*q. Suppose q = -c*z + 36 - 8. What is the highest common factor of z and 28?
14
Let g = -41 + 51. Suppose -11*y + 10 = -g*y. Let x = -7 + 32. What is the greatest common divisor of y and x?
5
Let u be 6 - 4 - 1*-1. Let k(n) = u*n**2 - 4 + 2*n**2 + n**3 - 6*n**2 - 2*n**2 + 6*n. Let q be k(4). Calculate the highest common divisor of 24 and q.
12
Suppose -815 = -5*x + 2265. What is the highest common factor of x and 56?
56
Let h be 12/8*32*28/12. What is the highest common factor of h and 70?
14
Let m be (-20)/((6/4)/(-3)). Let f = 60 - m. What is the highest common divisor of 220 and f?
20
Let r = -57 + 60. Suppose 2*b = -4*s + 24, 0*s + r = 3*s. What is the greatest common factor of 1 and b?
1
Suppose 1 = c - 3*q, -c = -4*q + 5*q + 3. Let l be ((-5)/(-15))/(c/(-24)). What is the highest common factor of l and 4?
4
Suppose -406 = -4*f + f + 4*i, -i + 715 = 5*f. What is the highest common factor of 355 and f?
71
Suppose 2*l - 8*l = -6. Let m be (10 + 18)/(-1*l/(-5)). Suppose -45 + 5 = -2*x. What is the highest common factor of m and x?
20
Let l = 57 + 274. Let r = l + -191. Let m be (-12)/10*(-210)/9. What is the greatest common divisor of r and m?
28
Let r(t) = -29*t**2 - t + 1. Let s be r(1). Let w = 21 - s. Calculate the highest common factor of w and 20.
10
Let s = 3819 + -2314. What is the highest common divisor of 86 and s?
43
Suppose -4*d + 14*d - 290 = 0. Let j = 111 + d. Calculate the highest common factor of j and 40.
20
Suppose -4*l = -p + 23, 3*p + 1 = 3*l - 5*l. Suppose -p*k = 4*v - 2*k - 83, 15